{"id":90,"date":"2023-02-15T22:14:02","date_gmt":"2023-02-15T21:14:02","guid":{"rendered":"http:\/\/organicbazar.fr\/?page_id=90"},"modified":"2023-02-24T16:56:44","modified_gmt":"2023-02-24T15:56:44","slug":"nous-les-ados-face-au-cyber-harcelement-et-aux-reseaux-sociaux","status":"publish","type":"page","link":"https:\/\/organicbazar.fr\/index.php\/nous-les-ados-face-au-cyber-harcelement-et-aux-reseaux-sociaux\/","title":{"rendered":"Nous les ados face au cyber-harc\u00e8lement et aux r\u00e9seaux sociaux"},"content":{"rendered":"\n<p>Ce th\u00e9\u00e2tre-forum a \u00e9t\u00e9 cr\u00e9\u00e9 suite aux probl\u00e9matiques li\u00e9es aux \u00e9crans et l&#8217;utilisation qui en est faite par les adolescents (plus ou moins jeunes).<\/p>\n\n\n\n<p class=\"has-normal-font-size\">L&#8217;apparition massive des smartphones et des r\u00e9seaux sociaux a inond\u00e9 le monde et a su captiver la jeunesse par son attractivit\u00e9 et sa facilit\u00e9 d&#8217;utilisation. La sph\u00e8re priv\u00e9 alors ouverte sur le monde, peine parfois \u00e0 trouver ses limites&#8230; \u00catre connect\u00e9 partout, tout le temps, avec tout le monde, a l&#8217;aff\u00fbt de la derni\u00e8re vid\u00e9o, de <em>like<\/em>s, du <em>&#8220;Buzz&#8221;<\/em> devient un leitmotiv avec cette \u00e9trange facilit\u00e9 et ce pouvoir, derri\u00e8re son \u00e9cran, de donner son avis sur tout, commenter la vie des autres, s&#8217;exposer intimement en conscience ou \u00eatre expos\u00e9 \u00e0 son insu&#8230; Autant d&#8217;entraves qui encombrent les rapports sociaux et complexifient les relations humaines&#8230; <\/p>\n\n\n\n<p><strong>Revue de presse, article, etc&#8230;<\/strong><\/p>\n\n\n\n<p><\/p>\n\n\n\n<p class=\"has-normal-font-size\">A voir : <a rel=\"noreferrer noopener\" href=\"https:\/\/www.youtube.com\/watch?v=BftTMM1Rk8Y\" data-type=\"URL\" data-id=\"https:\/\/www.youtube.com\/watch?v=BftTMM1Rk8Y\" target=\"_blank\">Reportage r\u00e9alis\u00e9 par Lannion-Tr\u00e9gor-Communaut\u00e9<\/a><\/p>\n\n\n\n<figure class=\"wp-block-image size-full is-resized\"><img loading=\"lazy\" decoding=\"async\" src=\"http:\/\/organicbazar.fr\/wp-content\/uploads\/2023\/02\/13-10-CIAS-cyber-harcelement-Treguier-TLG.png\" alt=\"\" class=\"wp-image-96\" width=\"701\" height=\"561\" srcset=\"https:\/\/organicbazar.fr\/wp-content\/uploads\/2023\/02\/13-10-CIAS-cyber-harcelement-Treguier-TLG.png 676w, https:\/\/organicbazar.fr\/wp-content\/uploads\/2023\/02\/13-10-CIAS-cyber-harcelement-Treguier-TLG-300x240.png 300w, https:\/\/organicbazar.fr\/wp-content\/uploads\/2023\/02\/13-10-CIAS-cyber-harcelement-Treguier-TLG-375x300.png 375w\" sizes=\"auto, (max-width: 701px) 100vw, 701px\" \/><\/figure>\n","protected":false},"excerpt":{"rendered":"<p>Ce th\u00e9\u00e2tre-forum a \u00e9t\u00e9 cr\u00e9\u00e9 suite aux probl\u00e9matiques li\u00e9es aux \u00e9crans et l&#8217;utilisation qui en est faite par les adolescents (plus ou moins jeunes). L&#8217;apparition &hellip;<\/p>\n","protected":false},"author":1,"featured_media":0,"parent":0,"menu_order":0,"comment_status":"closed","ping_status":"closed","template":"","meta":{"footnotes":""},"class_list":["post-90","page","type-page","status-publish","hentry"],"_links":{"self":[{"href":"https:\/\/organicbazar.fr\/index.php\/wp-json\/wp\/v2\/pages\/90","targetHints":{"allow":["GET"]}}],"collection":[{"href":"https:\/\/organicbazar.fr\/index.php\/wp-json\/wp\/v2\/pages"}],"about":[{"href":"https:\/\/organicbazar.fr\/index.php\/wp-json\/wp\/v2\/types\/page"}],"author":[{"embeddable":true,"href":"https:\/\/organicbazar.fr\/index.php\/wp-json\/wp\/v2\/users\/1"}],"replies":[{"embeddable":true,"href":"https:\/\/organicbazar.fr\/index.php\/wp-json\/wp\/v2\/comments?post=90"}],"version-history":[{"count":7,"href":"https:\/\/organicbazar.fr\/index.php\/wp-json\/wp\/v2\/pages\/90\/revisions"}],"predecessor-version":[{"id":174,"href":"https:\/\/organicbazar.fr\/index.php\/wp-json\/wp\/v2\/pages\/90\/revisions\/174"}],"wp:attachment":[{"href":"https:\/\/organicbazar.fr\/index.php\/wp-json\/wp\/v2\/media?parent=90"}],"curies":[{"name":"wp","href":"https:\/\/api.w.org\/{rel}","templated":true}]}}

Nous les ados face au cyber-harcèlement et aux réseaux sociaux

<p>Ce théâtre-forum a été créé suite aux problématiques liées aux écrans et l&#8217;utilisation qui en est faite par les adolescents (plus ou moins jeunes).</p>



<p class="has-normal-font-size">L&#8217;apparition massive des smartphones et des réseaux sociaux a inondé le monde et a su captiver la jeunesse par son attractivité et sa facilité d&#8217;utilisation. La sphère privé alors ouverte sur le monde, peine parfois à trouver ses limites&#8230; Être connecté partout, tout le temps, avec tout le monde, a l&#8217;affût de la dernière vidéo, de <em>like</em>s, du <em>&#8220;Buzz&#8221;</em> devient un leitmotiv avec cette étrange facilité et ce pouvoir, derrière son écran, de donner son avis sur tout, commenter la vie des autres, s&#8217;exposer intimement en conscience ou être exposé à son insu&#8230; Autant d&#8217;entraves qui encombrent les rapports sociaux et complexifient les relations humaines&#8230; </p>



<p><strong>Revue de presse, article, etc&#8230;</strong></p>



<p></p>



<p class="has-normal-font-size">A voir : <a rel="noreferrer noopener" href="https://www.youtube.com/watch?v=BftTMM1Rk8Y" data-type="URL" data-id="https://www.youtube.com/watch?v=BftTMM1Rk8Y" target="_blank">Reportage réalisé par Lannion-Trégor-Communauté</a></p>



<figure class="wp-block-image size-full is-resized"><img loading="lazy" decoding="async" src="http://organicbazar.fr/wp-content/uploads/2023/02/13-10-CIAS-cyber-harcelement-Treguier-TLG.png" alt="" class="wp-image-96" width="701" height="561" srcset="https://organicbazar.fr/wp-content/uploads/2023/02/13-10-CIAS-cyber-harcelement-Treguier-TLG.png 676w, https://organicbazar.fr/wp-content/uploads/2023/02/13-10-CIAS-cyber-harcelement-Treguier-TLG-300x240.png 300w, https://organicbazar.fr/wp-content/uploads/2023/02/13-10-CIAS-cyber-harcelement-Treguier-TLG-375x300.png 375w" sizes="auto, (max-width: 701px) 100vw, 701px" /></figure>

<p>Ce théâtre-forum a été créé suite aux problématiques liées aux écrans et l&#8217;utilisation qui en est faite par les adolescents (plus ou moins jeunes). L&#8217;apparition &hellip;</p>
