{"id":159,"date":"2023-02-18T00:56:11","date_gmt":"2023-02-17T23:56:11","guid":{"rendered":"http:\/\/organicbazar.fr\/?page_id=159"},"modified":"2023-03-13T17:09:16","modified_gmt":"2023-03-13T16:09:16","slug":"agenda","status":"publish","type":"page","link":"https:\/\/organicbazar.fr\/index.php\/agenda\/","title":{"rendered":"AGENDA"},"content":{"rendered":"\n<p class=\"has-text-align-center has-larger-font-size\"><strong>2023<\/strong><\/p>\n\n\n\n<p>6 avril : Table ronde lors des Assises Nationales du CNAEMO pour pr\u00e9senter <em>Les aventures de Bibo<\/em><\/p>\n\n\n\n<p>27 mars : <em>Les aventures de Bibo<\/em>, \u00e9cole \u00e9l\u00e9mentaire de Loud\u00e9ac (22)<\/p>\n\n\n\n<p>9 mars : <em>Les aventures de Bibo<\/em>, \u00e9cole \u00e9l\u00e9mentaire de Foug\u00e8res (35)<\/p>\n\n\n\n<p>25 et 26 janvier : <em>Don Quichotte : le r\u00eave impossible ?<\/em>, Espace des Moulins, Saint-Symphorien (79)<\/p>\n\n\n\n<p class=\"has-text-align-center has-larger-font-size\"><strong>2022<\/strong><\/p>\n\n\n\n<p>21 novembre : <em>Les aventures de Bibo<\/em>, \u00e9cole Yves JOUAN, Lanvallon (22) <\/p>\n\n\n\n<p>17 novembre : <em>Les aventures de Bibo<\/em>, \u00e9cole Baratoux, Saint-Brieuc (22)<\/p>\n\n\n\n<p>Du 18 au 21 octobre : <em>Nous, les ados, face au cyber-harc\u00e8lement et aux usages des r\u00e9seaux sociaux<\/em>, lyc\u00e9e Le Dantec, Lannion (22)<\/p>\n\n\n\n<p>14 et 17 octobre : <em>Nous, les ados, face au cyber-harc\u00e8lement et aux usages des r\u00e9seaux sociaux<\/em>, lyc\u00e9e Bossuet, Lannion (22)<\/p>\n\n\n\n<p>12 et 13 octobre : <em>Nous, les ados, face au cyber-harc\u00e8lement et aux usages des r\u00e9seaux sociaux<\/em>, lyc\u00e9e Pommerit, La Roche Jaudy (22)<\/p>\n\n\n\n<p>10 et 11 octobre : <em>Nous, les ados, face au cyber-harc\u00e8lement et aux usages des r\u00e9seaux sociaux<\/em>, lyc\u00e9e Savina, Tr\u00e9guier (22)<\/p>\n\n\n\n<p>6 octobre : <em>Les aventures de Bibo<\/em>, \u00e9cole Lucie Aubrac, Nantes (44)<\/p>\n\n\n\n<p>4 octobre : <em>Mais enfin !?<\/em>, coll\u00e8ge Bossuet, Lannion (22)<\/p>\n\n\n\n<p>3 octobre : <em>Les aventures de Bibo<\/em>, \u00e9cole Lucie Aubrac, Nantes (44)<\/p>\n\n\n\n<p>5 mai : <em>Mais enfin !?<\/em>, CFA de Vannes (56)<\/p>\n\n\n\n<p>28 avril : <em>Mais enfin !?<\/em>, CFA de Vannes (56)<\/p>\n\n\n\n<p>21 avril : <em>Mais enfin !?<\/em>, CFA de Vannes (56)<\/p>\n\n\n\n<p>2 avril : Ados accros aux \u00e9crans, Auditorium de Pluzunet (22)<\/p>\n\n\n\n<p>24 mars : <em>Les aventures de Bibo<\/em>, \u00e9cole publique de Locarn (22)<\/p>\n\n\n\n<p>1er mars : <em>Mais enfin !?<\/em>, lyc\u00e9e Marie Le Franc, Lorient (56)<\/p>\n\n\n\n<p class=\"has-text-align-center has-larger-font-size\"><strong>2021<\/strong><\/p>\n\n\n\n<p>5 et 6 octobre : <em>Mais enfin !?<\/em>, lyc\u00e9e Renan, Saint-Brieuc (22)<\/p>\n\n\n\n<p>23 septembre : <em>Les aventures de Bibo<\/em>, \u00e9cole \u00e9l\u00e9mentaire de Foug\u00e8res (35)<\/p>\n\n\n\n<p>1er juillet : <em>Je m&#8217;ennui<\/em>, \u00e9cole les lucioles, Marans (17)<\/p>\n\n\n\n<p>3 juin : <em>Mais enfin !?<\/em>, coll\u00e8ge Dulin, Aigrefeuille d&#8217;Aunis (17)<\/p>\n\n\n\n<p>20 mai : <em>Mais enfin !?<\/em>, CFA de Vannes (56)<\/p>\n\n\n\n<p>4 mai : <em>Mais enfin !?<\/em>, CFA de Vannes (56)<\/p>\n\n\n\n<p>3 mai : <em>Mais enfin !?<\/em>, coll\u00e8ge Didier Daurat, Mirambeau (17)<\/p>\n\n\n\n<p>27 avril : <em>Mais enfin !?<\/em>, coll\u00e8ge Andr\u00e9 Dulin, Aigrefeuille d&#8217;Aunis (17)<\/p>\n\n\n\n<p>1er avril : <em>Mais enfin !?<\/em>, CFA de Vannes (56)<\/p>\n\n\n\n<p>30 mars : <em>Mais enfin !?<\/em>, lyc\u00e9e Marie Le Franc, Lorient (56)<\/p>\n\n\n\n<p>4 mars : <em>Mais enfin !?<\/em>, CFA de Vannes (56)<\/p>\n\n\n\n<p>18 f\u00e9vrier : <em>Mais enfin !?<\/em>, CFA de Vannes (56)<\/p>\n\n\n\n<p>2 f\u00e9vrier : <em>Mais enfin !?<\/em>, CFA de Vannes (56)<\/p>\n\n\n\n<p><\/p>\n","protected":false},"excerpt":{"rendered":"<p>2023 6 avril : Table ronde lors des Assises Nationales du CNAEMO pour pr\u00e9senter Les aventures de Bibo 27 mars : Les aventures de Bibo, &hellip;<\/p>\n","protected":false},"author":1,"featured_media":0,"parent":0,"menu_order":0,"comment_status":"closed","ping_status":"closed","template":"","meta":{"footnotes":""},"class_list":["post-159","page","type-page","status-publish","hentry"],"_links":{"self":[{"href":"https:\/\/organicbazar.fr\/index.php\/wp-json\/wp\/v2\/pages\/159","targetHints":{"allow":["GET"]}}],"collection":[{"href":"https:\/\/organicbazar.fr\/index.php\/wp-json\/wp\/v2\/pages"}],"about":[{"href":"https:\/\/organicbazar.fr\/index.php\/wp-json\/wp\/v2\/types\/page"}],"author":[{"embeddable":true,"href":"https:\/\/organicbazar.fr\/index.php\/wp-json\/wp\/v2\/users\/1"}],"replies":[{"embeddable":true,"href":"https:\/\/organicbazar.fr\/index.php\/wp-json\/wp\/v2\/comments?post=159"}],"version-history":[{"count":2,"href":"https:\/\/organicbazar.fr\/index.php\/wp-json\/wp\/v2\/pages\/159\/revisions"}],"predecessor-version":[{"id":183,"href":"https:\/\/organicbazar.fr\/index.php\/wp-json\/wp\/v2\/pages\/159\/revisions\/183"}],"wp:attachment":[{"href":"https:\/\/organicbazar.fr\/index.php\/wp-json\/wp\/v2\/media?parent=159"}],"curies":[{"name":"wp","href":"https:\/\/api.w.org\/{rel}","templated":true}]}}

<p class="has-text-align-center has-larger-font-size"><strong>2023</strong></p>



<p>6 avril : Table ronde lors des Assises Nationales du CNAEMO pour présenter <em>Les aventures de Bibo</em></p>



<p>27 mars : <em>Les aventures de Bibo</em>, école élémentaire de Loudéac (22)</p>



<p>9 mars : <em>Les aventures de Bibo</em>, école élémentaire de Fougères (35)</p>



<p>25 et 26 janvier : <em>Don Quichotte : le rêve impossible ?</em>, Espace des Moulins, Saint-Symphorien (79)</p>



<p class="has-text-align-center has-larger-font-size"><strong>2022</strong></p>



<p>21 novembre : <em>Les aventures de Bibo</em>, école Yves JOUAN, Lanvallon (22) </p>



<p>17 novembre : <em>Les aventures de Bibo</em>, école Baratoux, Saint-Brieuc (22)</p>



<p>Du 18 au 21 octobre : <em>Nous, les ados, face au cyber-harcèlement et aux usages des réseaux sociaux</em>, lycée Le Dantec, Lannion (22)</p>



<p>14 et 17 octobre : <em>Nous, les ados, face au cyber-harcèlement et aux usages des réseaux sociaux</em>, lycée Bossuet, Lannion (22)</p>



<p>12 et 13 octobre : <em>Nous, les ados, face au cyber-harcèlement et aux usages des réseaux sociaux</em>, lycée Pommerit, La Roche Jaudy (22)</p>



<p>10 et 11 octobre : <em>Nous, les ados, face au cyber-harcèlement et aux usages des réseaux sociaux</em>, lycée Savina, Tréguier (22)</p>



<p>6 octobre : <em>Les aventures de Bibo</em>, école Lucie Aubrac, Nantes (44)</p>



<p>4 octobre : <em>Mais enfin !?</em>, collège Bossuet, Lannion (22)</p>



<p>3 octobre : <em>Les aventures de Bibo</em>, école Lucie Aubrac, Nantes (44)</p>



<p>5 mai : <em>Mais enfin !?</em>, CFA de Vannes (56)</p>



<p>28 avril : <em>Mais enfin !?</em>, CFA de Vannes (56)</p>



<p>21 avril : <em>Mais enfin !?</em>, CFA de Vannes (56)</p>



<p>2 avril : Ados accros aux écrans, Auditorium de Pluzunet (22)</p>



<p>24 mars : <em>Les aventures de Bibo</em>, école publique de Locarn (22)</p>



<p>1er mars : <em>Mais enfin !?</em>, lycée Marie Le Franc, Lorient (56)</p>



<p class="has-text-align-center has-larger-font-size"><strong>2021</strong></p>



<p>5 et 6 octobre : <em>Mais enfin !?</em>, lycée Renan, Saint-Brieuc (22)</p>



<p>23 septembre : <em>Les aventures de Bibo</em>, école élémentaire de Fougères (35)</p>



<p>1er juillet : <em>Je m&#8217;ennui</em>, école les lucioles, Marans (17)</p>



<p>3 juin : <em>Mais enfin !?</em>, collège Dulin, Aigrefeuille d&#8217;Aunis (17)</p>



<p>20 mai : <em>Mais enfin !?</em>, CFA de Vannes (56)</p>



<p>4 mai : <em>Mais enfin !?</em>, CFA de Vannes (56)</p>



<p>3 mai : <em>Mais enfin !?</em>, collège Didier Daurat, Mirambeau (17)</p>



<p>27 avril : <em>Mais enfin !?</em>, collège André Dulin, Aigrefeuille d&#8217;Aunis (17)</p>



<p>1er avril : <em>Mais enfin !?</em>, CFA de Vannes (56)</p>



<p>30 mars : <em>Mais enfin !?</em>, lycée Marie Le Franc, Lorient (56)</p>



<p>4 mars : <em>Mais enfin !?</em>, CFA de Vannes (56)</p>



<p>18 février : <em>Mais enfin !?</em>, CFA de Vannes (56)</p>



<p>2 février : <em>Mais enfin !?</em>, CFA de Vannes (56)</p>



<p></p>

<p>2023 6 avril : Table ronde lors des Assises Nationales du CNAEMO pour présenter Les aventures de Bibo 27 mars : Les aventures de Bibo, &hellip;</p>
