{"id":159,"date":"2023-02-18T00:56:11","date_gmt":"2023-02-17T23:56:11","guid":{"rendered":"http:\/\/organicbazar.fr\/?page_id=159"},"modified":"2026-07-20T11:11:47","modified_gmt":"2026-07-20T09:11:47","slug":"agenda","status":"publish","type":"page","link":"https:\/\/organicbazar.fr\/index.php\/agenda\/","title":{"rendered":"AGENDA"},"content":{"rendered":"\n<h2 class=\"wp-block-heading\">2026<\/h2>\n\n\n\n<p class=\"wp-block-paragraph\">1 au 4 octobre 26 : <em>Paroles, par-ci, par-l\u00e0\u2026<\/em> au Th\u00e9\u00e2tre du Lyon \u00e0 Lyon (69)<\/p>\n\n\n\n<p class=\"wp-block-paragraph\">21 au 27 septembre 26 : r\u00e9sidence de cr\u00e9ation <em>Dans l\u2019ombre<\/em> \u00e0 La Fabrique du V\u00e9lodrome\u00a0(17)<\/p>\n\n\n\n<p class=\"wp-block-paragraph\">3 au 5 juin 26 : r\u00e9sidence <em>L\u2019empreinte de l\u2019ogre<\/em>. \u00c0 Plumiliau (22)<\/p>\n\n\n\n<p class=\"wp-block-paragraph\">17 avril 26 : <em>Paroles, par-ci, par-l\u00e0\u2026<\/em> \u00e0 la Kanop\u00e9\u00a0(17)<\/p>\n\n\n\n<p class=\"wp-block-paragraph\">13 au 16 avril 26 : r\u00e9sidence de cr\u00e9ation Dans l\u2019ombre \u00e0 la Kanop\u00e9\u00a0<\/p>\n\n\n\n<p class=\"wp-block-paragraph\">25 au 27 mars 26 : r\u00e9sidence <em>Paroles, par-ci, par-l\u00e0\u2026<\/em> \u00e0 la Fabrique du V\u00e9lodrome La Rochelle (17)<\/p>\n\n\n\n<p class=\"wp-block-paragraph\">21 mars 26 : \u00a0<em>Paroles, par-ci, par-l\u00e0\u2026 <\/em>Festival Entre-l\u00e0, Bourg-des-Comptes (35)<\/p>\n\n\n\n<p class=\"wp-block-paragraph\">\u00a04 et 5 mars 26 : <em>Mais enfin?!<\/em> Au lyc\u00e9e maritime et aquacole de La Rochelle (17)<\/p>\n\n\n\n<p class=\"wp-block-paragraph\">12 f\u00e9vrier 26 : <em>Paroles, par-ci, par-l\u00e0\u2026<\/em> \u00e0 Andilly dans le cadre de Toque et Cie\u00a0(17)<\/p>\n\n\n\n<p class=\"wp-block-paragraph\">14 f\u00e9vrier 26 : repr\u00e9sentation \u201cL\u2019amour triomphant\u201d \u00e9crit par les jeunes de L\u2019espace Mosa\u00efque centre socio-culturel de Cour\u00e7on (17)<\/p>\n\n\n\n<p class=\"wp-block-paragraph\">19 et 26 janvier 26 : atelier Lyc\u00e9e Saint Exup\u00e9ry La Rochelle (17) avec le P\u00f4le d\u2019Accompagnement \u00e0 la Pers\u00e9v\u00e9rance Scolaire (PAPS)<\/p>\n\n\n\n<h2 class=\"wp-block-heading\">2023<\/h2>\n\n\n\n<p class=\"wp-block-paragraph\">6 avril 23 : Table ronde lors des Assises Nationales du CNAEMO pour pr\u00e9senter <em>Les aventures de Bibo<\/em><\/p>\n\n\n\n<p class=\"wp-block-paragraph\">27 mars 23 : <em>Les aventures de Bibo<\/em>, \u00e9cole \u00e9l\u00e9mentaire de Loud\u00e9ac (22)<\/p>\n\n\n\n<p class=\"wp-block-paragraph\">9 mars 23 : <em>Les aventures de Bibo<\/em>, \u00e9cole \u00e9l\u00e9mentaire de Foug\u00e8res (35)<\/p>\n\n\n\n<p class=\"wp-block-paragraph\">25 et 26 janvier 23 : <em>Don Quichotte : le r\u00eave impossible ?<\/em>, Espace des Moulins, Saint-Symphorien (79)<\/p>\n\n\n\n<h2 class=\"wp-block-heading\">2022<\/h2>\n\n\n\n<p class=\"wp-block-paragraph\">21 novembre 22 : <em>Les aventures de Bibo<\/em>, \u00e9cole Yves JOUAN, Lanvallon (22)<\/p>\n\n\n\n<p class=\"wp-block-paragraph\">17 novembre 22 : <em>Les aventures de Bibo<\/em>, \u00e9cole Baratoux, Saint-Brieuc (22)<\/p>\n\n\n\n<p class=\"wp-block-paragraph\">Du 18 au 21 octobre 22 : <em>Nous, les ados, face au cyber-harc\u00e8lement et aux usages des r\u00e9seaux sociaux<\/em>, lyc\u00e9e Le Dantec, Lannion (22)<\/p>\n\n\n\n<p class=\"wp-block-paragraph\">14 et 17 octobre 22 : <em>Nous, les ados, face au cyber-harc\u00e8lement et aux usages des r\u00e9seaux sociaux<\/em>, lyc\u00e9e Bossuet, Lannion (22)<\/p>\n\n\n\n<p class=\"wp-block-paragraph\">12 et 13 octobre 22 : <em>Nous, les ados, face au cyber-harc\u00e8lement et aux usages des r\u00e9seaux sociaux<\/em>, lyc\u00e9e Pommerit, La Roche Jaudy (22)<\/p>\n\n\n\n<p class=\"wp-block-paragraph\">10 et 11 octobre 22 : <em>Nous, les ados, face au cyber-harc\u00e8lement et aux usages des r\u00e9seaux sociaux<\/em>, lyc\u00e9e Savina, Tr\u00e9guier (22)<\/p>\n\n\n\n<p class=\"wp-block-paragraph\">6 octobre 22 : <em>Les aventures de Bibo<\/em>, \u00e9cole Lucie Aubrac, Nantes (44)<\/p>\n\n\n\n<p class=\"wp-block-paragraph\">4 octobre 22 : <em>Mais enfin !?<\/em>, coll\u00e8ge Bossuet, Lannion (22)<\/p>\n\n\n\n<p class=\"wp-block-paragraph\">3 octobre 22 : <em>Les aventures de Bibo<\/em>, \u00e9cole Lucie Aubrac, Nantes (44)<\/p>\n\n\n\n<p class=\"wp-block-paragraph\">5 mai 22 : <em>Mais enfin !?<\/em>, CFA de Vannes (56)<\/p>\n\n\n\n<p class=\"wp-block-paragraph\">28 avril 22 : <em>Mais enfin !?<\/em>, CFA de Vannes (56)<\/p>\n\n\n\n<p class=\"wp-block-paragraph\">21 avril 22 : <em>Mais enfin !?<\/em>, CFA de Vannes (56)<\/p>\n\n\n\n<p class=\"wp-block-paragraph\">2 avril 22 : Ados accros aux \u00e9crans, Auditorium de Pluzunet (22)<\/p>\n\n\n\n<p class=\"wp-block-paragraph\">24 mars 22 : <em>Les aventures de Bibo<\/em>, \u00e9cole publique de Locarn (22)<\/p>\n\n\n\n<p class=\"wp-block-paragraph\">1er mars 22 : <em>Mais enfin !?<\/em>, lyc\u00e9e Marie Le Franc, Lorient (56)<\/p>\n\n\n\n<h2 class=\"wp-block-heading\">2021<\/h2>\n\n\n\n<p class=\"wp-block-paragraph\">5 et 6 octobre 21: <em>Mais enfin !?<\/em>, lyc\u00e9e Renan, Saint-Brieuc (22)<\/p>\n\n\n\n<p class=\"wp-block-paragraph\">23 septembre 21 : <em>Les aventures de Bibo<\/em>, \u00e9cole \u00e9l\u00e9mentaire de Foug\u00e8res (35)<\/p>\n\n\n\n<p class=\"wp-block-paragraph\">1er juillet 21 : <em>Je m&#8217;ennui<\/em>, \u00e9cole les lucioles, Marans (17)<\/p>\n\n\n\n<p class=\"wp-block-paragraph\">3 juin 21 : <em>Mais enfin !?<\/em>, coll\u00e8ge Dulin, Aigrefeuille d&#8217;Aunis (17)<\/p>\n\n\n\n<p class=\"wp-block-paragraph\">20 mai 21 : <em>Mais enfin !?<\/em>, CFA de Vannes (56)<\/p>\n\n\n\n<p class=\"wp-block-paragraph\">4 mai 21 : <em>Mais enfin !?<\/em>, CFA de Vannes (56)<\/p>\n\n\n\n<p class=\"wp-block-paragraph\">3 mai 21 : <em>Mais enfin !?<\/em>, coll\u00e8ge Didier Daurat, Mirambeau (17)<\/p>\n\n\n\n<p class=\"wp-block-paragraph\">27 avril 21 : <em>Mais enfin !?<\/em>, coll\u00e8ge Andr\u00e9 Dulin, Aigrefeuille d&#8217;Aunis (17)<\/p>\n\n\n\n<p class=\"wp-block-paragraph\">1er avril 21 : <em>Mais enfin !?<\/em>, CFA de Vannes (56)<\/p>\n\n\n\n<p class=\"wp-block-paragraph\">30 mars 21 : <em>Mais enfin !?<\/em>, lyc\u00e9e Marie Le Franc, Lorient (56)<\/p>\n\n\n\n<p class=\"wp-block-paragraph\">4 mars 21 : <em>Mais enfin !?<\/em>, CFA de Vannes (56)<\/p>\n\n\n\n<p class=\"wp-block-paragraph\">18 f\u00e9vrier 21  : <em>Mais enfin !?<\/em>, CFA de Vannes (56)<\/p>\n\n\n\n<p class=\"wp-block-paragraph\">2 f\u00e9vrier 21 : <em>Mais enfin !?<\/em>, CFA de Vannes (56)<\/p>\n","protected":false},"excerpt":{"rendered":"<p>2026 1 au 4 octobre 26 : Paroles, par-ci, par-l\u00e0\u2026 au Th\u00e9\u00e2tre du Lyon \u00e0 Lyon (69) 21 au 27 septembre 26 : r\u00e9sidence de &hellip;<\/p>\n","protected":false},"author":1,"featured_media":0,"parent":0,"menu_order":0,"comment_status":"closed","ping_status":"closed","template":"","meta":{"footnotes":""},"class_list":["post-159","page","type-page","status-publish","hentry"],"_links":{"self":[{"href":"https:\/\/organicbazar.fr\/index.php\/wp-json\/wp\/v2\/pages\/159","targetHints":{"allow":["GET"]}}],"collection":[{"href":"https:\/\/organicbazar.fr\/index.php\/wp-json\/wp\/v2\/pages"}],"about":[{"href":"https:\/\/organicbazar.fr\/index.php\/wp-json\/wp\/v2\/types\/page"}],"author":[{"embeddable":true,"href":"https:\/\/organicbazar.fr\/index.php\/wp-json\/wp\/v2\/users\/1"}],"replies":[{"embeddable":true,"href":"https:\/\/organicbazar.fr\/index.php\/wp-json\/wp\/v2\/comments?post=159"}],"version-history":[{"count":4,"href":"https:\/\/organicbazar.fr\/index.php\/wp-json\/wp\/v2\/pages\/159\/revisions"}],"predecessor-version":[{"id":317,"href":"https:\/\/organicbazar.fr\/index.php\/wp-json\/wp\/v2\/pages\/159\/revisions\/317"}],"wp:attachment":[{"href":"https:\/\/organicbazar.fr\/index.php\/wp-json\/wp\/v2\/media?parent=159"}],"curies":[{"name":"wp","href":"https:\/\/api.w.org\/{rel}","templated":true}]}}

<h2 class="wp-block-heading">2026</h2>



<p class="wp-block-paragraph">1 au 4 octobre 26 : <em>Paroles, par-ci, par-là…</em> au Théâtre du Lyon à Lyon (69)</p>



<p class="wp-block-paragraph">21 au 27 septembre 26 : résidence de création <em>Dans l’ombre</em> à La Fabrique du Vélodrome (17)</p>



<p class="wp-block-paragraph">3 au 5 juin 26 : résidence <em>L’empreinte de l’ogre</em>. À Plumiliau (22)</p>



<p class="wp-block-paragraph">17 avril 26 : <em>Paroles, par-ci, par-là…</em> à la Kanopé (17)</p>



<p class="wp-block-paragraph">13 au 16 avril 26 : résidence de création Dans l’ombre à la Kanopé </p>



<p class="wp-block-paragraph">25 au 27 mars 26 : résidence <em>Paroles, par-ci, par-là…</em> à la Fabrique du Vélodrome La Rochelle (17)</p>



<p class="wp-block-paragraph">21 mars 26 :  <em>Paroles, par-ci, par-là… </em>Festival Entre-là, Bourg-des-Comptes (35)</p>



<p class="wp-block-paragraph"> 4 et 5 mars 26 : <em>Mais enfin?!</em> Au lycée maritime et aquacole de La Rochelle (17)</p>



<p class="wp-block-paragraph">12 février 26 : <em>Paroles, par-ci, par-là…</em> à Andilly dans le cadre de Toque et Cie (17)</p>



<p class="wp-block-paragraph">14 février 26 : représentation “L’amour triomphant” écrit par les jeunes de L’espace Mosaïque centre socio-culturel de Courçon (17)</p>



<p class="wp-block-paragraph">19 et 26 janvier 26 : atelier Lycée Saint Exupéry La Rochelle (17) avec le Pôle d’Accompagnement à la Persévérance Scolaire (PAPS)</p>



<h2 class="wp-block-heading">2023</h2>



<p class="wp-block-paragraph">6 avril 23 : Table ronde lors des Assises Nationales du CNAEMO pour présenter <em>Les aventures de Bibo</em></p>



<p class="wp-block-paragraph">27 mars 23 : <em>Les aventures de Bibo</em>, école élémentaire de Loudéac (22)</p>



<p class="wp-block-paragraph">9 mars 23 : <em>Les aventures de Bibo</em>, école élémentaire de Fougères (35)</p>



<p class="wp-block-paragraph">25 et 26 janvier 23 : <em>Don Quichotte : le rêve impossible ?</em>, Espace des Moulins, Saint-Symphorien (79)</p>



<h2 class="wp-block-heading">2022</h2>



<p class="wp-block-paragraph">21 novembre 22 : <em>Les aventures de Bibo</em>, école Yves JOUAN, Lanvallon (22)</p>



<p class="wp-block-paragraph">17 novembre 22 : <em>Les aventures de Bibo</em>, école Baratoux, Saint-Brieuc (22)</p>



<p class="wp-block-paragraph">Du 18 au 21 octobre 22 : <em>Nous, les ados, face au cyber-harcèlement et aux usages des réseaux sociaux</em>, lycée Le Dantec, Lannion (22)</p>



<p class="wp-block-paragraph">14 et 17 octobre 22 : <em>Nous, les ados, face au cyber-harcèlement et aux usages des réseaux sociaux</em>, lycée Bossuet, Lannion (22)</p>



<p class="wp-block-paragraph">12 et 13 octobre 22 : <em>Nous, les ados, face au cyber-harcèlement et aux usages des réseaux sociaux</em>, lycée Pommerit, La Roche Jaudy (22)</p>



<p class="wp-block-paragraph">10 et 11 octobre 22 : <em>Nous, les ados, face au cyber-harcèlement et aux usages des réseaux sociaux</em>, lycée Savina, Tréguier (22)</p>



<p class="wp-block-paragraph">6 octobre 22 : <em>Les aventures de Bibo</em>, école Lucie Aubrac, Nantes (44)</p>



<p class="wp-block-paragraph">4 octobre 22 : <em>Mais enfin !?</em>, collège Bossuet, Lannion (22)</p>



<p class="wp-block-paragraph">3 octobre 22 : <em>Les aventures de Bibo</em>, école Lucie Aubrac, Nantes (44)</p>



<p class="wp-block-paragraph">5 mai 22 : <em>Mais enfin !?</em>, CFA de Vannes (56)</p>



<p class="wp-block-paragraph">28 avril 22 : <em>Mais enfin !?</em>, CFA de Vannes (56)</p>



<p class="wp-block-paragraph">21 avril 22 : <em>Mais enfin !?</em>, CFA de Vannes (56)</p>



<p class="wp-block-paragraph">2 avril 22 : Ados accros aux écrans, Auditorium de Pluzunet (22)</p>



<p class="wp-block-paragraph">24 mars 22 : <em>Les aventures de Bibo</em>, école publique de Locarn (22)</p>



<p class="wp-block-paragraph">1er mars 22 : <em>Mais enfin !?</em>, lycée Marie Le Franc, Lorient (56)</p>



<h2 class="wp-block-heading">2021</h2>



<p class="wp-block-paragraph">5 et 6 octobre 21: <em>Mais enfin !?</em>, lycée Renan, Saint-Brieuc (22)</p>



<p class="wp-block-paragraph">23 septembre 21 : <em>Les aventures de Bibo</em>, école élémentaire de Fougères (35)</p>



<p class="wp-block-paragraph">1er juillet 21 : <em>Je m&#8217;ennui</em>, école les lucioles, Marans (17)</p>



<p class="wp-block-paragraph">3 juin 21 : <em>Mais enfin !?</em>, collège Dulin, Aigrefeuille d&#8217;Aunis (17)</p>



<p class="wp-block-paragraph">20 mai 21 : <em>Mais enfin !?</em>, CFA de Vannes (56)</p>



<p class="wp-block-paragraph">4 mai 21 : <em>Mais enfin !?</em>, CFA de Vannes (56)</p>



<p class="wp-block-paragraph">3 mai 21 : <em>Mais enfin !?</em>, collège Didier Daurat, Mirambeau (17)</p>



<p class="wp-block-paragraph">27 avril 21 : <em>Mais enfin !?</em>, collège André Dulin, Aigrefeuille d&#8217;Aunis (17)</p>



<p class="wp-block-paragraph">1er avril 21 : <em>Mais enfin !?</em>, CFA de Vannes (56)</p>



<p class="wp-block-paragraph">30 mars 21 : <em>Mais enfin !?</em>, lycée Marie Le Franc, Lorient (56)</p>



<p class="wp-block-paragraph">4 mars 21 : <em>Mais enfin !?</em>, CFA de Vannes (56)</p>



<p class="wp-block-paragraph">18 février 21  : <em>Mais enfin !?</em>, CFA de Vannes (56)</p>



<p class="wp-block-paragraph">2 février 21 : <em>Mais enfin !?</em>, CFA de Vannes (56)</p>

<p>2026 1 au 4 octobre 26 : Paroles, par-ci, par-là… au Théâtre du Lyon à Lyon (69) 21 au 27 septembre 26 : résidence de &hellip;</p>
